{"id":186,"date":"2024-01-20T01:17:13","date_gmt":"2024-01-20T00:17:13","guid":{"rendered":"https:\/\/drone-fgem.fr\/?page_id=186"},"modified":"2024-03-01T20:34:51","modified_gmt":"2024-03-01T19:34:51","slug":"inspection-thermographie-visuelle-drone","status":"publish","type":"page","link":"https:\/\/drone-fgem.fr\/","title":{"rendered":"Accueil"},"content":{"rendered":"\t\t<div data-elementor-type=\"wp-post\" data-elementor-id=\"186\" class=\"elementor elementor-186\">\n\t\t\t\t<div class=\"elementor-element elementor-element-78f18eb e-flex e-con-boxed e-con e-parent\" data-id=\"78f18eb\" data-element_type=\"container\" data-settings=\"{&quot;content_width&quot;:&quot;boxed&quot;}\" data-core-v316-plus=\"true\">\n\t\t\t\t\t<div class=\"e-con-inner\">\n\t\t\t\t<div class=\"elementor-element elementor-element-83af14e elementor-widget elementor-widget-heading\" data-id=\"83af14e\" data-element_type=\"widget\" data-widget_type=\"heading.default\">\n\t\t\t\t<div class=\"elementor-widget-container\">\n\t\t\t<style>\/*! elementor - v3.19.0 - 28-02-2024 *\/\n.elementor-heading-title{padding:0;margin:0;line-height:1}.elementor-widget-heading .elementor-heading-title[class*=elementor-size-]>a{color:inherit;font-size:inherit;line-height:inherit}.elementor-widget-heading .elementor-heading-title.elementor-size-small{font-size:15px}.elementor-widget-heading .elementor-heading-title.elementor-size-medium{font-size:19px}.elementor-widget-heading .elementor-heading-title.elementor-size-large{font-size:29px}.elementor-widget-heading .elementor-heading-title.elementor-size-xl{font-size:39px}.elementor-widget-heading .elementor-heading-title.elementor-size-xxl{font-size:59px}<\/style><h1 class=\"elementor-heading-title elementor-size-default\">la thermographie et l'inspection par drone<\/h1>\t\t<\/div>\n\t\t\t\t<\/div>\n\t\t\t\t\t<\/div>\n\t\t\t\t<\/div>\n\t\t<div class=\"elementor-element elementor-element-b2c956a e-flex e-con-boxed e-con e-parent\" data-id=\"b2c956a\" data-element_type=\"container\" data-settings=\"{&quot;content_width&quot;:&quot;boxed&quot;}\" data-core-v316-plus=\"true\">\n\t\t\t\t\t<div class=\"e-con-inner\">\n\t\t\t\t<div class=\"elementor-element elementor-element-7f373a9 elementor-widget elementor-widget-heading\" data-id=\"7f373a9\" data-element_type=\"widget\" data-widget_type=\"heading.default\">\n\t\t\t\t<div class=\"elementor-widget-container\">\n\t\t\t<p class=\"elementor-heading-title elementor-size-default\">La thermographie et inspection par drone sont des technologies modernes qui sont de plus en plus utilis\u00e9es dans divers domaines pour la surveillance, l'analyse et l'entretien de structures, d'installations et d'\u00e9quipements.<\/p>\t\t<\/div>\n\t\t\t\t<\/div>\n\t\t\t\t\t<\/div>\n\t\t\t\t<\/div>\n\t\t<div class=\"elementor-element elementor-element-160f98d e-flex e-con-boxed e-con e-parent\" data-id=\"160f98d\" data-element_type=\"container\" data-settings=\"{&quot;content_width&quot;:&quot;boxed&quot;}\" data-core-v316-plus=\"true\">\n\t\t\t\t\t<div class=\"e-con-inner\">\n\t\t<div class=\"elementor-element elementor-element-3cb35de e-con-full e-flex e-con e-child\" data-id=\"3cb35de\" data-element_type=\"container\" data-settings=\"{&quot;content_width&quot;:&quot;full&quot;,&quot;background_background&quot;:&quot;classic&quot;}\">\n\t\t\t\t<div class=\"elementor-element elementor-element-fd3d3fd elementor-widget elementor-widget-heading\" data-id=\"fd3d3fd\" data-element_type=\"widget\" data-widget_type=\"heading.default\">\n\t\t\t\t<div class=\"elementor-widget-container\">\n\t\t\t<h2 class=\"elementor-heading-title elementor-size-default\"><a href=\"https:\/\/drone-fgem.fr\/index.php\/thermographie-aerienne\/\">thermographie a\u00e9rienne <\/a><\/h2>\t\t<\/div>\n\t\t\t\t<\/div>\n\t\t\t\t<div class=\"elementor-element elementor-element-f5a87bb elementor-widget elementor-widget-text-editor\" data-id=\"f5a87bb\" data-element_type=\"widget\" data-widget_type=\"text-editor.default\">\n\t\t\t\t<div class=\"elementor-widget-container\">\n\t\t\t<style>\/*! elementor - v3.19.0 - 28-02-2024 *\/\n.elementor-widget-text-editor.elementor-drop-cap-view-stacked .elementor-drop-cap{background-color:#69727d;color:#fff}.elementor-widget-text-editor.elementor-drop-cap-view-framed .elementor-drop-cap{color:#69727d;border:3px solid;background-color:transparent}.elementor-widget-text-editor:not(.elementor-drop-cap-view-default) .elementor-drop-cap{margin-top:8px}.elementor-widget-text-editor:not(.elementor-drop-cap-view-default) .elementor-drop-cap-letter{width:1em;height:1em}.elementor-widget-text-editor .elementor-drop-cap{float:left;text-align:center;line-height:1;font-size:50px}.elementor-widget-text-editor .elementor-drop-cap-letter{display:inline-block}<\/style>\t\t\t\t<ul><li>Thermographie photovolta\u00efque<\/li><li>Thermographie b\u00e2timent<\/li><\/ul>\t\t\t\t\t\t<\/div>\n\t\t\t\t<\/div>\n\t\t\t\t<div class=\"elementor-element elementor-element-c6410bf elementor-widget elementor-widget-image\" data-id=\"c6410bf\" data-element_type=\"widget\" data-widget_type=\"image.default\">\n\t\t\t\t<div class=\"elementor-widget-container\">\n\t\t\t<style>\/*! elementor - v3.19.0 - 28-02-2024 *\/\n.elementor-widget-image{text-align:center}.elementor-widget-image a{display:inline-block}.elementor-widget-image a img[src$=\".svg\"]{width:48px}.elementor-widget-image img{vertical-align:middle;display:inline-block}<\/style>\t\t\t\t\t\t\t\t\t\t<img fetchpriority=\"high\" decoding=\"async\" width=\"540\" height=\"392\" src=\"https:\/\/drone-fgem.fr\/wp-content\/uploads\/2024\/02\/m3t-en-vol.jpg\" class=\"attachment-large size-large wp-image-1411\" alt=\"THERMOGRAPHIE ET INSPECTION PAR DRONE\" srcset=\"https:\/\/drone-fgem.fr\/wp-content\/uploads\/2024\/02\/m3t-en-vol.jpg 540w, https:\/\/drone-fgem.fr\/wp-content\/uploads\/2024\/02\/m3t-en-vol-300x218.jpg 300w\" sizes=\"(max-width: 540px) 100vw, 540px\" \/>\t\t\t\t\t\t\t\t\t\t\t\t\t<\/div>\n\t\t\t\t<\/div>\n\t\t\t\t<\/div>\n\t\t<div class=\"elementor-element elementor-element-991090d e-con-full e-flex e-con e-child\" data-id=\"991090d\" data-element_type=\"container\" data-settings=\"{&quot;content_width&quot;:&quot;full&quot;,&quot;background_background&quot;:&quot;classic&quot;}\">\n\t\t\t\t<div class=\"elementor-element elementor-element-f3de254 elementor-widget elementor-widget-heading\" data-id=\"f3de254\" data-element_type=\"widget\" data-widget_type=\"heading.default\">\n\t\t\t\t<div class=\"elementor-widget-container\">\n\t\t\t<h2 class=\"elementor-heading-title elementor-size-default\"><a href=\"https:\/\/drone-fgem.fr\/index.php\/inspection-aerienne\/\">inspection a\u00e9rienne<\/a><\/h2>\t\t<\/div>\n\t\t\t\t<\/div>\n\t\t\t\t<div class=\"elementor-element elementor-element-92efbb7 elementor-widget elementor-widget-text-editor\" data-id=\"92efbb7\" data-element_type=\"widget\" data-widget_type=\"text-editor.default\">\n\t\t\t\t<div class=\"elementor-widget-container\">\n\t\t\t\t\t\t\t<ul><li>Inspection toiture et b\u00e2timent<\/li><li>Inspection ouvrage d&rsquo;art<\/li><li>Suivi de chantier<\/li><\/ul>\t\t\t\t\t\t<\/div>\n\t\t\t\t<\/div>\n\t\t\t\t<div class=\"elementor-element elementor-element-a3cc117 elementor-widget elementor-widget-image\" data-id=\"a3cc117\" data-element_type=\"widget\" data-widget_type=\"image.default\">\n\t\t\t\t<div class=\"elementor-widget-container\">\n\t\t\t\t\t\t\t\t\t\t\t\t\t<img decoding=\"async\" width=\"540\" height=\"392\" src=\"https:\/\/drone-fgem.fr\/wp-content\/uploads\/2024\/02\/angle-toit.jpg\" class=\"attachment-large size-large wp-image-1401\" alt=\"THERMOGRAPHIE ET INSPECTION PAR DRONE\" srcset=\"https:\/\/drone-fgem.fr\/wp-content\/uploads\/2024\/02\/angle-toit.jpg 540w, https:\/\/drone-fgem.fr\/wp-content\/uploads\/2024\/02\/angle-toit-300x218.jpg 300w\" sizes=\"(max-width: 540px) 100vw, 540px\" \/>\t\t\t\t\t\t\t\t\t\t\t\t\t<\/div>\n\t\t\t\t<\/div>\n\t\t\t\t<\/div>\n\t\t\t\t\t<\/div>\n\t\t\t\t<\/div>\n\t\t<div class=\"elementor-element elementor-element-ce6e8ae e-flex e-con-boxed e-con e-parent\" data-id=\"ce6e8ae\" data-element_type=\"container\" data-settings=\"{&quot;content_width&quot;:&quot;boxed&quot;}\" data-core-v316-plus=\"true\">\n\t\t\t\t\t<div class=\"e-con-inner\">\n\t\t\t\t<div class=\"elementor-element elementor-element-c25977d elementor-widget elementor-widget-heading\" data-id=\"c25977d\" data-element_type=\"widget\" data-widget_type=\"heading.default\">\n\t\t\t\t<div class=\"elementor-widget-container\">\n\t\t\t<h2 class=\"elementor-heading-title elementor-size-default\">La thermographie et inspection par drone par votre \u00e9quipe drone-fgem<\/h2>\t\t<\/div>\n\t\t\t\t<\/div>\n\t\t\t\t\t<\/div>\n\t\t\t\t<\/div>\n\t\t<div class=\"elementor-element elementor-element-617ffe3 e-flex e-con-boxed e-con e-parent\" data-id=\"617ffe3\" data-element_type=\"container\" data-settings=\"{&quot;content_width&quot;:&quot;boxed&quot;}\" data-core-v316-plus=\"true\">\n\t\t\t\t\t<div class=\"e-con-inner\">\n\t\t<div class=\"elementor-element elementor-element-2e9f122 e-con-full e-flex e-con e-child\" data-id=\"2e9f122\" data-element_type=\"container\" data-settings=\"{&quot;content_width&quot;:&quot;full&quot;,&quot;background_background&quot;:&quot;classic&quot;}\">\n\t\t\t\t<div class=\"elementor-element elementor-element-15a109a elementor-widget elementor-widget-text-editor\" data-id=\"15a109a\" data-element_type=\"widget\" data-widget_type=\"text-editor.default\">\n\t\t\t\t<div class=\"elementor-widget-container\">\n\t\t\t\t\t\t\t<p>Drone-FGEM est une entreprise \u00e9mergente sp\u00e9cialis\u00e9e dans les services d&rsquo;imagerie a\u00e9rienne par drone, ce sont des technologies modernes qui sont de plus en plus utilis\u00e9es dans divers domaines pour la surveillance, l&rsquo;analyse et l&rsquo;entretien de structures, d&rsquo;installations et d&rsquo;\u00e9quipements par drone, se concentrant principalement sur des domaines sp\u00e9cifiques tels que l&rsquo;analyse thermique de fermes photovolta\u00efques et de b\u00e2timents, l&rsquo;inspection de b\u00e2timents, d&rsquo;ouvrages d&rsquo;art et le suivi de chantier. Gr\u00e2ce \u00e0 l&rsquo;utilisation de drones, l&rsquo;entreprise offre des prestations de services innovantes et pr\u00e9cises dans le domaine de la surveillance et de l&rsquo;analyse.<\/p>\t\t\t\t\t\t<\/div>\n\t\t\t\t<\/div>\n\t\t\t\t<\/div>\n\t\t<div class=\"elementor-element elementor-element-650cf8e e-con-full e-flex e-con e-child\" data-id=\"650cf8e\" data-element_type=\"container\" data-settings=\"{&quot;content_width&quot;:&quot;full&quot;,&quot;background_background&quot;:&quot;classic&quot;}\">\n\t\t\t\t<div class=\"elementor-element elementor-element-17265c5 elementor-widget elementor-widget-image\" data-id=\"17265c5\" data-element_type=\"widget\" data-widget_type=\"image.default\">\n\t\t\t\t<div class=\"elementor-widget-container\">\n\t\t\t\t\t\t\t\t\t\t\t\t\t<img decoding=\"async\" width=\"727\" height=\"545\" src=\"https:\/\/drone-fgem.fr\/wp-content\/uploads\/2024\/02\/les-2-drones-sur-valise.jpg\" class=\"attachment-large size-large wp-image-1410\" alt=\"THERMOGRAPHIE ET INSPECTION PAR DRONE\" srcset=\"https:\/\/drone-fgem.fr\/wp-content\/uploads\/2024\/02\/les-2-drones-sur-valise.jpg 727w, https:\/\/drone-fgem.fr\/wp-content\/uploads\/2024\/02\/les-2-drones-sur-valise-300x225.jpg 300w\" sizes=\"(max-width: 727px) 100vw, 727px\" \/>\t\t\t\t\t\t\t\t\t\t\t\t\t<\/div>\n\t\t\t\t<\/div>\n\t\t\t\t<\/div>\n\t\t\t\t\t<\/div>\n\t\t\t\t<\/div>\n\t\t\t\t<\/div>\n\t\t","protected":false},"excerpt":{"rendered":"<p>la thermographie et l&rsquo;inspection par drone La thermographie et inspection par drone sont des technologies modernes qui sont de plus en plus utilis\u00e9es dans divers domaines pour la surveillance, l&rsquo;analyse et l&rsquo;entretien de structures, d&rsquo;installations et d&rsquo;\u00e9quipements. thermographie a\u00e9rienne Thermographie photovolta\u00efque Thermographie b\u00e2timent inspection a\u00e9rienne Inspection toiture et b\u00e2timent Inspection ouvrage d&rsquo;art Suivi de chantier [&hellip;]<\/p>\n","protected":false},"author":1,"featured_media":0,"parent":0,"menu_order":0,"comment_status":"closed","ping_status":"closed","template":"","meta":{"inline_featured_image":false,"footnotes":""},"class_list":["post-186","page","type-page","status-publish","hentry","entry"],"yoast_head":"<!-- This site is optimized with the Yoast SEO plugin v22.2 - https:\/\/yoast.com\/wordpress\/plugins\/seo\/ -->\n<title>Thermographie et inspection par drone - Drone-FGEM<\/title>\n<meta name=\"description\" content=\"Thermographie et inspection par drone de panneaux photovolta\u00efques et b\u00e2timents. Inspection visuelle toitures et fa\u00e7ades. Suivi de chantier\" \/>\n<meta name=\"robots\" content=\"index, follow, max-snippet:-1, max-image-preview:large, max-video-preview:-1\" \/>\n<link rel=\"canonical\" href=\"https:\/\/drone-fgem.fr\/\" \/>\n<meta property=\"og:locale\" content=\"fr_FR\" \/>\n<meta property=\"og:type\" content=\"article\" \/>\n<meta property=\"og:title\" content=\"Thermographie et inspection par drone - Drone-FGEM\" \/>\n<meta property=\"og:description\" content=\"Thermographie et inspection par drone de panneaux photovolta\u00efques et b\u00e2timents. Inspection visuelle toitures et fa\u00e7ades. Suivi de chantier\" \/>\n<meta property=\"og:url\" content=\"https:\/\/drone-fgem.fr\/\" \/>\n<meta property=\"og:site_name\" content=\"Drone-FGEM\" \/>\n<meta property=\"article:modified_time\" content=\"2024-03-01T19:34:51+00:00\" \/>\n<meta property=\"og:image\" content=\"http:\/\/drone-fgem.fr\/wp-content\/uploads\/2024\/02\/m3t-en-vol.jpg\" \/>\n<meta name=\"twitter:card\" content=\"summary_large_image\" \/>\n<meta name=\"twitter:label1\" content=\"Dur\u00e9e de lecture estim\u00e9e\" \/>\n\t<meta name=\"twitter:data1\" content=\"2 minutes\" \/>\n<script type=\"application\/ld+json\" class=\"yoast-schema-graph\">{\"@context\":\"https:\/\/schema.org\",\"@graph\":[{\"@type\":\"WebPage\",\"@id\":\"https:\/\/drone-fgem.fr\/\",\"url\":\"https:\/\/drone-fgem.fr\/\",\"name\":\"Thermographie et inspection par drone - Drone-FGEM\",\"isPartOf\":{\"@id\":\"https:\/\/drone-fgem.fr\/#website\"},\"primaryImageOfPage\":{\"@id\":\"https:\/\/drone-fgem.fr\/#primaryimage\"},\"image\":{\"@id\":\"https:\/\/drone-fgem.fr\/#primaryimage\"},\"thumbnailUrl\":\"http:\/\/drone-fgem.fr\/wp-content\/uploads\/2024\/02\/m3t-en-vol.jpg\",\"datePublished\":\"2024-01-20T00:17:13+00:00\",\"dateModified\":\"2024-03-01T19:34:51+00:00\",\"description\":\"Thermographie et inspection par drone de panneaux photovolta\u00efques et b\u00e2timents. Inspection visuelle toitures et fa\u00e7ades. Suivi de chantier\",\"breadcrumb\":{\"@id\":\"https:\/\/drone-fgem.fr\/#breadcrumb\"},\"inLanguage\":\"fr-FR\",\"potentialAction\":[{\"@type\":\"ReadAction\",\"target\":[\"https:\/\/drone-fgem.fr\/\"]}]},{\"@type\":\"ImageObject\",\"inLanguage\":\"fr-FR\",\"@id\":\"https:\/\/drone-fgem.fr\/#primaryimage\",\"url\":\"http:\/\/drone-fgem.fr\/wp-content\/uploads\/2024\/02\/m3t-en-vol.jpg\",\"contentUrl\":\"http:\/\/drone-fgem.fr\/wp-content\/uploads\/2024\/02\/m3t-en-vol.jpg\"},{\"@type\":\"BreadcrumbList\",\"@id\":\"https:\/\/drone-fgem.fr\/#breadcrumb\",\"itemListElement\":[{\"@type\":\"ListItem\",\"position\":1,\"name\":\"Accueil\",\"item\":\"https:\/\/drone-fgem.fr\/\"},{\"@type\":\"ListItem\",\"position\":2,\"name\":\"Accueil\"}]},{\"@type\":\"WebSite\",\"@id\":\"https:\/\/drone-fgem.fr\/#website\",\"url\":\"https:\/\/drone-fgem.fr\/\",\"name\":\"Drone-FGEM\",\"description\":\"La thermographie et l&#039;inspection par drone\",\"publisher\":{\"@id\":\"https:\/\/drone-fgem.fr\/#organization\"},\"potentialAction\":[{\"@type\":\"SearchAction\",\"target\":{\"@type\":\"EntryPoint\",\"urlTemplate\":\"https:\/\/drone-fgem.fr\/?s={search_term_string}\"},\"query-input\":\"required name=search_term_string\"}],\"inLanguage\":\"fr-FR\"},{\"@type\":\"Organization\",\"@id\":\"https:\/\/drone-fgem.fr\/#organization\",\"name\":\"Drone-FGEM\",\"url\":\"https:\/\/drone-fgem.fr\/\",\"logo\":{\"@type\":\"ImageObject\",\"inLanguage\":\"fr-FR\",\"@id\":\"https:\/\/drone-fgem.fr\/#\/schema\/logo\/image\/\",\"url\":\"https:\/\/drone-fgem.fr\/wp-content\/uploads\/2024\/02\/2.png\",\"contentUrl\":\"https:\/\/drone-fgem.fr\/wp-content\/uploads\/2024\/02\/2.png\",\"width\":1500,\"height\":1500,\"caption\":\"Drone-FGEM\"},\"image\":{\"@id\":\"https:\/\/drone-fgem.fr\/#\/schema\/logo\/image\/\"}}]}<\/script>\n<!-- \/ Yoast SEO plugin. -->","yoast_head_json":{"title":"Thermographie et inspection par drone - Drone-FGEM","description":"Thermographie et inspection par drone de panneaux photovolta\u00efques et b\u00e2timents. Inspection visuelle toitures et fa\u00e7ades. Suivi de chantier","robots":{"index":"index","follow":"follow","max-snippet":"max-snippet:-1","max-image-preview":"max-image-preview:large","max-video-preview":"max-video-preview:-1"},"canonical":"https:\/\/drone-fgem.fr\/","og_locale":"fr_FR","og_type":"article","og_title":"Thermographie et inspection par drone - Drone-FGEM","og_description":"Thermographie et inspection par drone de panneaux photovolta\u00efques et b\u00e2timents. Inspection visuelle toitures et fa\u00e7ades. Suivi de chantier","og_url":"https:\/\/drone-fgem.fr\/","og_site_name":"Drone-FGEM","article_modified_time":"2024-03-01T19:34:51+00:00","og_image":[{"url":"http:\/\/drone-fgem.fr\/wp-content\/uploads\/2024\/02\/m3t-en-vol.jpg"}],"twitter_card":"summary_large_image","twitter_misc":{"Dur\u00e9e de lecture estim\u00e9e":"2 minutes"},"schema":{"@context":"https:\/\/schema.org","@graph":[{"@type":"WebPage","@id":"https:\/\/drone-fgem.fr\/","url":"https:\/\/drone-fgem.fr\/","name":"Thermographie et inspection par drone - Drone-FGEM","isPartOf":{"@id":"https:\/\/drone-fgem.fr\/#website"},"primaryImageOfPage":{"@id":"https:\/\/drone-fgem.fr\/#primaryimage"},"image":{"@id":"https:\/\/drone-fgem.fr\/#primaryimage"},"thumbnailUrl":"http:\/\/drone-fgem.fr\/wp-content\/uploads\/2024\/02\/m3t-en-vol.jpg","datePublished":"2024-01-20T00:17:13+00:00","dateModified":"2024-03-01T19:34:51+00:00","description":"Thermographie et inspection par drone de panneaux photovolta\u00efques et b\u00e2timents. Inspection visuelle toitures et fa\u00e7ades. Suivi de chantier","breadcrumb":{"@id":"https:\/\/drone-fgem.fr\/#breadcrumb"},"inLanguage":"fr-FR","potentialAction":[{"@type":"ReadAction","target":["https:\/\/drone-fgem.fr\/"]}]},{"@type":"ImageObject","inLanguage":"fr-FR","@id":"https:\/\/drone-fgem.fr\/#primaryimage","url":"http:\/\/drone-fgem.fr\/wp-content\/uploads\/2024\/02\/m3t-en-vol.jpg","contentUrl":"http:\/\/drone-fgem.fr\/wp-content\/uploads\/2024\/02\/m3t-en-vol.jpg"},{"@type":"BreadcrumbList","@id":"https:\/\/drone-fgem.fr\/#breadcrumb","itemListElement":[{"@type":"ListItem","position":1,"name":"Accueil","item":"https:\/\/drone-fgem.fr\/"},{"@type":"ListItem","position":2,"name":"Accueil"}]},{"@type":"WebSite","@id":"https:\/\/drone-fgem.fr\/#website","url":"https:\/\/drone-fgem.fr\/","name":"Drone-FGEM","description":"La thermographie et l&#039;inspection par drone","publisher":{"@id":"https:\/\/drone-fgem.fr\/#organization"},"potentialAction":[{"@type":"SearchAction","target":{"@type":"EntryPoint","urlTemplate":"https:\/\/drone-fgem.fr\/?s={search_term_string}"},"query-input":"required name=search_term_string"}],"inLanguage":"fr-FR"},{"@type":"Organization","@id":"https:\/\/drone-fgem.fr\/#organization","name":"Drone-FGEM","url":"https:\/\/drone-fgem.fr\/","logo":{"@type":"ImageObject","inLanguage":"fr-FR","@id":"https:\/\/drone-fgem.fr\/#\/schema\/logo\/image\/","url":"https:\/\/drone-fgem.fr\/wp-content\/uploads\/2024\/02\/2.png","contentUrl":"https:\/\/drone-fgem.fr\/wp-content\/uploads\/2024\/02\/2.png","width":1500,"height":1500,"caption":"Drone-FGEM"},"image":{"@id":"https:\/\/drone-fgem.fr\/#\/schema\/logo\/image\/"}}]}},"_links":{"self":[{"href":"https:\/\/drone-fgem.fr\/index.php\/wp-json\/wp\/v2\/pages\/186","targetHints":{"allow":["GET"]}}],"collection":[{"href":"https:\/\/drone-fgem.fr\/index.php\/wp-json\/wp\/v2\/pages"}],"about":[{"href":"https:\/\/drone-fgem.fr\/index.php\/wp-json\/wp\/v2\/types\/page"}],"author":[{"embeddable":true,"href":"https:\/\/drone-fgem.fr\/index.php\/wp-json\/wp\/v2\/users\/1"}],"replies":[{"embeddable":true,"href":"https:\/\/drone-fgem.fr\/index.php\/wp-json\/wp\/v2\/comments?post=186"}],"version-history":[{"count":452,"href":"https:\/\/drone-fgem.fr\/index.php\/wp-json\/wp\/v2\/pages\/186\/revisions"}],"predecessor-version":[{"id":1633,"href":"https:\/\/drone-fgem.fr\/index.php\/wp-json\/wp\/v2\/pages\/186\/revisions\/1633"}],"wp:attachment":[{"href":"https:\/\/drone-fgem.fr\/index.php\/wp-json\/wp\/v2\/media?parent=186"}],"curies":[{"name":"wp","href":"https:\/\/api.w.org\/{rel}","templated":true}]}}